 -j**3 + 4*j**2 + 83*j + 17. Give y(12).
-139
Let p(u) = 6*u**3 - 278*u**2 + 91*u + 62. Give p(46).
16
Let i(l) = -12*l**2 - 972*l + 22. What is i(-81)?
22
Let r(t) = -39*t**2 + 221*t + 66. Determine r(6).
-12
Let b(h) = h**3 - 4*h**2 + 20*h - 81. What is b(4)?
-1
Let p(c) = -19*c**2 + 126*c - 103. Calculate p(6).
-31
Let u(q) = -53*q + 1492. Give u(27).
61
Let r(t) = t**2 - 537*t - 71920. What is r(-111)?
8
Let b(w) = w**3 - 8*w**2 + 200*w - 1604. Give b(8).
-4
Let v(s) = 238*s + 1195. Give v(-5).
5
Let t(j) = 35*j**2 - 62*j + 63. What is t(1)?
36
Let s(o) = -o**3 - 43*o**2 + 287*o - 334. Calculate s(-49).
9
Let o(f) = -160*f + 1433. Give o(9).
-7
Let s(t) = t**3 + 9*t**2 - 15*t - 38. Determine s(-9).
97
Let o(r) = -3*r**2 + 10*r + 328. What is o(-9)?
-5
Let b(f) = 173*f**2 - 4. Calculate b(0).
-4
Let w(y) = y**3 + 4*y**2 - 4*y + 1. Give w(-3).
22
Let t(g) = g**3 - 5*g**2 - 24*g + 4. Determine t(5).
-116
Let l(f) = -16*f**2 - 51*f + 7. Give l(-2).
45
Let s(f) = 6*f**2 + 9*f + 39. Give s(-5).
144
Let t(o) = 29*o + 1561. Calculate t(-54).
-5
Let c(o) = -o**2 + 116*o + 471. Calculate c(-4).
-9
Let s(d) = 5*d**3 - 13*d**2 + 32*d - 47. Calculate s(2).
5
Let z(c) = 3*c**3 + 8*c**2 - 13*c - 21. Calculate z(-4).
-33
Let r(d) = 19*d**2 + 14*d + 10. Determine r(-1).
15
Let v(r) = -3*r + 97. Give v(-11).
130
Let l(d) = 2*d**2 + 161*d - 500. Calculate l(3).
1
Let n(z) = -z**3 - 166*z**2 + 501*z - 989. Determine n(-169).
25
Let j(v) = -15*v - 97. Give j(-3).
-52
Let q(c) = 64*c + 243. Determine q(-3).
51
Let z(c) = 6*c**3 - 5*c**2 - 27*c - 43. Determine z(-2).
-57
Let g(m) = 6*m**3 + 29*m**2 + 103*m + 4. Calculate g(-3).
-206
Let s(i) = -i**2 + 10*i + 250. Give s(-11).
19
Let h(k) = 30*k**2 + 348*k - 541. Determine h(-13).
5
Let c(m) = -26*m**2 - 58*m + 61. Give c(-3).
1
Let j(u) = -45*u**3 - 14*u**2 - 28*u - 7. Give j(-2).
353
Let n(j) = 3*j**2 + 18*j + 77. Determine n(-9).
158
Let l(t) = -86*t + 43. Determine l(1).
-43
Let n(w) = -w**3 + 239*w**2 - 694*w - 3302. Give n(236).
2
Let k(w) = -4*w**2 - 23*w + 70. Determine k(4).
-86
Let r(a) = -a**2 - 1945*a - 74350. Determine r(-39).
-16
Let w(s) = s**3 - 19*s**2 - 21*s - 61. Calculate w(20).
-81
Let l(h) = 2*h**2 - 138*h - 1943. Determine l(-12).
1
Let n(o) = -568*o - 2171. Give n(-4).
101
Let k(l) = -l**3 - 15*l**2 + 7*l - 16. What is k(-14)?
-310
Let o(n) = n**3 + 5*n**2 + 12*n + 34. Determine o(-6).
-74
Let d(h) = -186*h + 809. What is d(2)?
437
Let c(o) = -151*o + 609. Determine c(4).
5
Let v(c) = 7*c**2 - 377*c + 325. What is v(53)?
7
Let r(i) = -738*i - 11156. Give r(-15).
-86
Let l(p) = p**3 + 26*p**2 - 297*p - 836. Calculate l(-34).
14
Let c(k) = k**3 - 9*k**2 - 4*k - 70. Calculate c(10).
-10
Let z(l) = 7*l**2 + 191*l - 4034. Determine z(14).
12
Let r(s) = s**3 + 34*s**2 + 147*s - 601. Calculate r(-28).
-13
Let q(x) = 497*x - 500. What is q(1)?
-3
Let l(a) = 146*a**2 - 594*a + 42. Give l(4).
2
Let o(q) = -q**3 - 16*q**2 + 6*q + 100. Give o(-16).
4
Let j(m) = -m**2 - 119*m - 3511. Give j(-55).
9
Let b(l) = -l**2 - 80*l - 889. What is b(-13)?
-18
Let d(o) = -o**3 - 23*o**2 + 46*o - 20. Determine d(-25).
80
Let d(w) = 384*w - 3076. Give d(8).
-4
Let w(q) = q**2 + 35*q + 82. What is w(-18)?
-224
Let g(b) = -544*b**3 + 12*b**2 - 9*b - 2. Give g(1).
-543
Let f(i) = 37*i + 4. Determine f(-2).
-70
Let u(c) = 2*c**3 + 8*c**2 - 131*c - 872. What is u(-6)?
-230
Let a(c) = 78*c + 3447. Determine a(-44).
15
Let l(a) = a**2 + 259*a - 50. What is l(0)?
-50
Let i(o) = o**2 - 556*o - 3850. Determine i(-7).
91
Let m(z) = -4*z**2 - 101*z + 13. Determine m(-22).
299
Let x(k) = -k**2 + 438*k - 1310. Determine x(3).
-5
Let m(g) = 2*g**2 + 5*g - 60. Determine m(-12).
168
Let x(o) = -345*o - 23473. Give x(-68).
-13
Let c(k) = -k**2 + 259*k - 1234. Calculate c(254).
36
Let x(o) = -9*o - 88. What is x(-24)?
128
Let o(k) = k**3 + k**2 - 100*k + 110. Determine o(-11).
0
Let y(u) = u**3 - 13*u**2 - 17*u - 47. Calculate y(14).
-89
Let a(t) = 21*t - 230. Determine a(14).
64
Let v(x) = x**3 + 43*x**2 + 190*x + 3. Give v(-38).
3
Let g(f) = -10*f**2 - 16*f - 14. Give g(-4).
-110
Let n(r) = -165*r**2 - 6*r - 6. What is n(-1)?
-165
Let g(a) = 22*a + 192. Give g(-6).
60
Let x(p) = -p**3 + 19*p**2 - 72*p + 179. Calculate x(15).
-1
Let o(g) = -g**3 + 28*g**2 - 47*g - 118. Determine o(26).
12
Let x(z) = 3*z**3 - 29*z**2 - 195*z + 60. What is x(-5)?
-65
Let i(a) = a**3 - 29*a**2 + 25*a + 75. Calculate i(28).
-9
Let f(j) = -179*j**3 - 10*j**2 - 14*j - 3. Calculate f(-1).
180
Let j(l) = 10*l**3 + 9*l**2 - 10*l + 2. What is j(2)?
98
Let y(q) = 8*q**2 + 1006*q + 764. What is y(-125)?
14
Let p(d) = 5*d**2 - 23*d + 26. What is p(-9)?
638
Let q(f) = -4843*f + 3. Determine q(0).
3
Let b(s) = -7*s**2 + 10*s + 26. Determine b(4).
-46
Let r(k) = -28*k - 22. Give r(-8).
202
Let z(a) = 778*a + 1534. Determine z(-2).
-22
Let d(i) = 16*i - 160. Calculate d(17).
112
Let z(g) = g**2 + 83*g + 164. What is z(-2)?
2
Let x(j) = -1697*j - 3385. Give x(-2).
9
Let i(o) = 2*o**3 + 158*o**2 + 181*o + 1908. What is i(-78)?
-42
Let d(b) = b**3 - 20*b**2 + 34*b + 32. Calculate d(18).
-4
Let q(o) = 4*o**2 + 16*o - 17. Calculate q(2).
31
Let l(r) = r**3 + 13*r**2 + 8*r - 53. Calculate l(-9).
199
Let s(h) = -5*h**2 + 344*h + 2636. Calculate s(-7).
-17
Let k(s) = -88*s**2 - 4*s - 5. Calculate k(-1).
-89
Let l(c) = -c**3 - 42*c**2 - 227*c - 407. What is l(-36)?
-11
Let p(r) = -564*r - 41738. Calculate p(-74).
-2
Let b(c) = -4*c**2 - 84*c - 83. What is b(-19)?
69
Let l(t) = 79*t + 1812. Give l(-23).
-5
Let x(g) = -2*g**2 + 149*g + 4974. Determine x(-25).
-1
Let z(b) = b**3 - 53*b**2 + 105*b + 132. What is z(3)?
-3
Let a(t) = -582*t + 2327. Calculate a(4).
-1
Let u(a) = 32*a - 333. Determine u(7).
-109
Let i(f) = 3*f**2 - 139*f - 96. Calculate i(48).
144
Let g(a) = -305*a**2 + 17*a - 18. Give g(1).
-306
Let s(u) = 126*u**2 - 1133*u - 23. Determine s(9).
-14
Let u(k) = -2*k**2 - 19*k + 13. Determine u(-10).
3
Let u(h) = 6*h - 193. Give u(33).
5
Let w(o) = -2*o**3 - 10*o**2 + 23*o + 158. Calculate w(-6).
92
Let i(m) = -4*m - 319. Give i(-88).
33
Let m(a) = -3*a**2 - 22*a - 19. Calculate m(-10).
-99
Let d(x) = 184*x - 2394. Give d(13).
-2
Let z(j) = j**3 - 3*j**2 + 29*j - 199. Determine z(5).
-4
Let g(u) = u**3 + 9*u**2 + 99*u + 551. Determine g(-6).
65
Let a(g) = 783*g + 7833. Determine a(-10).
3
Let v(u) = 3*u**2 + 5*u - 6. What is v(-2)?
-4
Let c(x) = 41*x - 5223. What is c(131)?
148
Let d(w) = 751*w + 103. Calculate d(2).
1605
Let w(r) = -8*r**2 - 4*r + 31. Give w(4).
-113
Let z(v) = -3*v**2 - 8*v + 160. Determine z(9).
-155
Let a(i) = 2*i**2 + 672*i - 62635. What is a(76)?
-11
Let r(m) = m**3 + 13*m**2 - 10*m + 307. Calculate r(-15).
7
Let n(r) = 3*r**3 + 20*r**2 + 25*r - 6. Calculate n(-6).
-84
Let h(s) = -11*s**2 - 363*s - 22. Determine h(-33).
-22
Let y(h) = -7*h**2 + 296*h - 42. Determine y(42).
42
Let o(i) = 87*i - 326. Determine o(3).
-65
Let y(t) = -41*t - 749. What is y(-18)?
-11
Let q(x) = 10*x + 572. What is q(-58)?
-8
Let r(k) = -557*k - 77960. Determine r(-140).
20
Let d(r) = 27*r**3 - 9*r**2 - 13*r + 18. Determine d(1).
23
Let p(b) = b**2 + 37*b - 135. Determine p(-32).
-295
Let j(o) = 109*o - 226. What is j(2)?
-8
Let h(x) = x**2 - 15*x + 80. Calculate h(13).
54
Let v(d) = 250*d - 5986. Calculate v(24).
14
Let k(n) = 13*n + 212. What is k(-21)?
-61
Let b(w) = w**2 + 14*w - 69. What is b(0)?
-69
Let q(p) = 4*p**3 - 8*p**2 + 12*p - 26. Determine q(2).
-2
Let r(b) = -b**3 - 13*b**2 - 36*b - 17. What is r(-7)?
-59
Let f(k) = -2*k**3 - 17*k**2 + 10*k + 1. Calculate f(-9).
-8
Let s(r) = 3966*r - 15872. Give s(4).
-8
Let c(o) = 2*o**3 - 74*o**2 + 10*o - 368. Calculate c(37).
2
Let a(l) = 10*l + 33. Give a(-3).
3
Let i(f) = f**3 + 8*f**2 + 4*f + 30. What is i(-9)?
-87
Let t(f) = 87*f + 1836. Determine t(-21).
9
Let o(v) = -v**3 - 7*v**2 - 65*v - 460. What is o(-6)?
-106
Let f(w) = -w**3 + 5*w**2 + 128*w - 161. What is f(-10)?
59
Let n(g) = -2*g**2 - 119*g - 474. Calculate n(-55).
21
Let u(g) = -3*g**2 - 10*g - 14. Determine u(-5).
-39
Let k(n) = -4*n**2 + 24*n + 111. What is k(6)?
111
Let g(a) = a**2 + 28*a + 97. Determine g(-4).
1
Let j(o) = o**3 - 43*o**2 - 225*o - 718. What is j(48)?
2
Let m(b) = 40*b**2 + 139*b - 3. What is m(-4)?
81
Let n(x) = x**2 + 18*x 